{"id":696,"date":"2022-11-30T21:43:31","date_gmt":"2022-11-30T20:43:31","guid":{"rendered":"https:\/\/russischseminar.com\/home\/?page_id=696"},"modified":"2026-02-21T17:29:09","modified_gmt":"2026-02-21T16:29:09","slug":"semesterkurs-a2","status":"publish","type":"page","link":"https:\/\/russischseminar.com\/home\/onlinekurse\/semesterkurs-a2\/","title":{"rendered":"Semesterkurs A2"},"content":{"rendered":"\n<figure class=\"wp-block-pullquote\"><blockquote><p><strong>ACHTUNG<\/strong><br><strong>Dieser Kurs findet nur statt, wenn sich vor dem 11. M\u00e4rz 2026 mindestens 3 Personen angemeldet haben!<\/strong><\/p><\/blockquote><\/figure>\n\n\n\n<p>Eine Sprache zu erlernen, bedeutet \u00dcbung, \u00dcbung, \u00dcbung. Dabei m\u00f6chten wir auf der Erfahrung der letzten Jahre aufbauen und der immer wieder an uns gestellten Frage mit folgendem Angebot weiterhin nachkommen:<\/p>\n\n\n\n<p>Dieser Kurs ist eine Fortsetzung des Kurses mit Inna Grubmair, Lehrbuch \u201ePoehali A2\u201c. Aber auch f\u00fcr Anf\u00e4nger*innen (A2), die in einem unserer Seminare oder auch anderswo erste Schritte im Russischen gemacht haben, m\u00f6chten wir die Gelegenheit bieten, das Lernen &#8211; bequem von zuhause aus oder wo Sie gerade sind &#8211; fortzusetzen bzw. Ihre Kenntnisse aufzufrischen. <\/p>\n\n\n\n<p>Dazu organisieren wir eine Gruppe auf dem Niveau A2, die sich <strong>jeden Mittwoch von 18.00 bis 19.40 Uhr<\/strong> <strong>ONLINE<\/strong> zu insgesamt 15 Terminen trifft.<\/p>\n\n\n\n<p><strong>Die Eckpunkte zu diesem Angebot:<\/strong><\/p>\n\n\n\n<ul class=\"wp-block-list\">\n<li>Der Online-Unterricht findet <strong>ab 3 Personen<\/strong> statt.<\/li>\n\n\n\n<li>Die finanzielle Investition in Ihre Sprachkenntnisse betr\u00e4gt <strong>\u20ac 330,00<\/strong> f\u00fcr das gesamte Semester.<\/li>\n\n\n\n<li>Die zeitliche Investition in Ihre Sprachkenntnisse bel\u00e4uft sich auf 90 Minuten pro Woche, aber gerne auch mehr.<\/li>\n\n\n\n<li>Das aktuelle Semester dauert von 9. M\u00e4rz 2026 bis 28. Juni 2026.<\/li>\n\n\n\n<li>Das <strong>erste Treffen<\/strong> der Gruppe A2 ist am <strong>11. M\u00e4rz 2026<\/strong>.<\/li>\n\n\n\n<li>Fallweise Teilnahmen auf Anfrage.<\/li>\n<\/ul>\n\n\n\n<p>Sollten Sie an diesem Angebot interessiert sein, nehmen Sie <a href=\"https:\/\/russischseminar.com\/home\/rechtliches\/faqs-und-kontakt\/\">\u00fcber die Kontaktseite Verbindung mit uns auf<\/a>, rufen Sie uns an oder <a href=\"https:\/\/russischseminar.com\/home\/anmeldung\/zu-einem-onlinekurs\/\">melden Sie sich direkt online an<\/a>.<\/p>\n","protected":false},"excerpt":{"rendered":"<p>ACHTUNGDieser Kurs findet nur statt, wenn sich vor dem 11. M\u00e4rz 2026 mindestens 3 Personen angemeldet haben! Eine Sprache zu erlernen, bedeutet \u00dcbung, \u00dcbung, \u00dcbung. Dabei m\u00f6chten wir auf der Erfahrung der letzten Jahre aufbauen und der immer wieder an uns gestellten Frage mit folgendem Angebot weiterhin nachkommen: Dieser Kurs ist eine Fortsetzung des Kurses [&hellip;]<\/p>\n","protected":false},"author":1,"featured_media":0,"parent":30,"menu_order":0,"comment_status":"closed","ping_status":"closed","template":"","meta":{"footnotes":""},"class_list":["post-696","page","type-page","status-publish","hentry"],"yoast_head":"<!-- This site is optimized with the Yoast SEO plugin v27.4 - https:\/\/yoast.com\/product\/yoast-seo-wordpress\/ -->\n<title>Semesterkurs A2 - RussischSeminar<\/title>\n<meta name=\"description\" content=\"Der n\u00e4chste Online-Russisch-Semesterkurs A2 des \u00d6sterreichischen Vereins zur F\u00f6rderung der russischen Sprache und Kultur startet am 11. M\u00e4rz 2026.\" \/>\n<meta name=\"robots\" content=\"index, follow, max-snippet:-1, max-image-preview:large, max-video-preview:-1\" \/>\n<link rel=\"canonical\" href=\"https:\/\/russischseminar.com\/home\/onlinekurse\/semesterkurs-a2\/\" \/>\n<meta property=\"og:locale\" content=\"de_DE\" \/>\n<meta property=\"og:type\" content=\"article\" \/>\n<meta property=\"og:title\" content=\"Semesterkurs A2 - RussischSeminar\" \/>\n<meta property=\"og:description\" content=\"Der n\u00e4chste Online-Russisch-Semesterkurs A2 des \u00d6sterreichischen Vereins zur F\u00f6rderung der russischen Sprache und Kultur startet am 11. M\u00e4rz 2026.\" \/>\n<meta property=\"og:url\" content=\"https:\/\/russischseminar.com\/home\/onlinekurse\/semesterkurs-a2\/\" \/>\n<meta property=\"og:site_name\" content=\"RussischSeminar\" \/>\n<meta property=\"article:modified_time\" content=\"2026-02-21T16:29:09+00:00\" \/>\n<meta name=\"twitter:card\" content=\"summary_large_image\" \/>\n<meta name=\"twitter:label1\" content=\"Gesch\u00e4tzte Lesezeit\" \/>\n\t<meta name=\"twitter:data1\" content=\"2 Minuten\" \/>\n<script type=\"application\/ld+json\" class=\"yoast-schema-graph\">{\"@context\":\"https:\\\/\\\/schema.org\",\"@graph\":[{\"@type\":\"WebPage\",\"@id\":\"https:\\\/\\\/russischseminar.com\\\/home\\\/onlinekurse\\\/semesterkurs-a2\\\/\",\"url\":\"https:\\\/\\\/russischseminar.com\\\/home\\\/onlinekurse\\\/semesterkurs-a2\\\/\",\"name\":\"Semesterkurs A2 - RussischSeminar\",\"isPartOf\":{\"@id\":\"https:\\\/\\\/russischseminar.com\\\/home\\\/#website\"},\"datePublished\":\"2022-11-30T20:43:31+00:00\",\"dateModified\":\"2026-02-21T16:29:09+00:00\",\"description\":\"Der n\u00e4chste Online-Russisch-Semesterkurs A2 des \u00d6sterreichischen Vereins zur F\u00f6rderung der russischen Sprache und Kultur startet am 11. M\u00e4rz 2026.\",\"breadcrumb\":{\"@id\":\"https:\\\/\\\/russischseminar.com\\\/home\\\/onlinekurse\\\/semesterkurs-a2\\\/#breadcrumb\"},\"inLanguage\":\"de-AT\",\"potentialAction\":[{\"@type\":\"ReadAction\",\"target\":[\"https:\\\/\\\/russischseminar.com\\\/home\\\/onlinekurse\\\/semesterkurs-a2\\\/\"]}]},{\"@type\":\"BreadcrumbList\",\"@id\":\"https:\\\/\\\/russischseminar.com\\\/home\\\/onlinekurse\\\/semesterkurs-a2\\\/#breadcrumb\",\"itemListElement\":[{\"@type\":\"ListItem\",\"position\":1,\"name\":\"Startseite\",\"item\":\"https:\\\/\\\/russischseminar.com\\\/home\\\/\"},{\"@type\":\"ListItem\",\"position\":2,\"name\":\"OnlineKurse\",\"item\":\"https:\\\/\\\/russischseminar.com\\\/home\\\/onlinekurse\\\/\"},{\"@type\":\"ListItem\",\"position\":3,\"name\":\"Semesterkurs A2\"}]},{\"@type\":\"WebSite\",\"@id\":\"https:\\\/\\\/russischseminar.com\\\/home\\\/#website\",\"url\":\"https:\\\/\\\/russischseminar.com\\\/home\\\/\",\"name\":\"RussischSeminar\",\"description\":\"Russisch lernen \u2016 Kurse in Wien\",\"potentialAction\":[{\"@type\":\"SearchAction\",\"target\":{\"@type\":\"EntryPoint\",\"urlTemplate\":\"https:\\\/\\\/russischseminar.com\\\/home\\\/?s={search_term_string}\"},\"query-input\":{\"@type\":\"PropertyValueSpecification\",\"valueRequired\":true,\"valueName\":\"search_term_string\"}}],\"inLanguage\":\"de-AT\"}]}<\/script>\n<!-- \/ Yoast SEO plugin. -->","yoast_head_json":{"title":"Semesterkurs A2 - RussischSeminar","description":"Der n\u00e4chste Online-Russisch-Semesterkurs A2 des \u00d6sterreichischen Vereins zur F\u00f6rderung der russischen Sprache und Kultur startet am 11. M\u00e4rz 2026.","robots":{"index":"index","follow":"follow","max-snippet":"max-snippet:-1","max-image-preview":"max-image-preview:large","max-video-preview":"max-video-preview:-1"},"canonical":"https:\/\/russischseminar.com\/home\/onlinekurse\/semesterkurs-a2\/","og_locale":"de_DE","og_type":"article","og_title":"Semesterkurs A2 - RussischSeminar","og_description":"Der n\u00e4chste Online-Russisch-Semesterkurs A2 des \u00d6sterreichischen Vereins zur F\u00f6rderung der russischen Sprache und Kultur startet am 11. M\u00e4rz 2026.","og_url":"https:\/\/russischseminar.com\/home\/onlinekurse\/semesterkurs-a2\/","og_site_name":"RussischSeminar","article_modified_time":"2026-02-21T16:29:09+00:00","twitter_card":"summary_large_image","twitter_misc":{"Gesch\u00e4tzte Lesezeit":"2 Minuten"},"schema":{"@context":"https:\/\/schema.org","@graph":[{"@type":"WebPage","@id":"https:\/\/russischseminar.com\/home\/onlinekurse\/semesterkurs-a2\/","url":"https:\/\/russischseminar.com\/home\/onlinekurse\/semesterkurs-a2\/","name":"Semesterkurs A2 - RussischSeminar","isPartOf":{"@id":"https:\/\/russischseminar.com\/home\/#website"},"datePublished":"2022-11-30T20:43:31+00:00","dateModified":"2026-02-21T16:29:09+00:00","description":"Der n\u00e4chste Online-Russisch-Semesterkurs A2 des \u00d6sterreichischen Vereins zur F\u00f6rderung der russischen Sprache und Kultur startet am 11. M\u00e4rz 2026.","breadcrumb":{"@id":"https:\/\/russischseminar.com\/home\/onlinekurse\/semesterkurs-a2\/#breadcrumb"},"inLanguage":"de-AT","potentialAction":[{"@type":"ReadAction","target":["https:\/\/russischseminar.com\/home\/onlinekurse\/semesterkurs-a2\/"]}]},{"@type":"BreadcrumbList","@id":"https:\/\/russischseminar.com\/home\/onlinekurse\/semesterkurs-a2\/#breadcrumb","itemListElement":[{"@type":"ListItem","position":1,"name":"Startseite","item":"https:\/\/russischseminar.com\/home\/"},{"@type":"ListItem","position":2,"name":"OnlineKurse","item":"https:\/\/russischseminar.com\/home\/onlinekurse\/"},{"@type":"ListItem","position":3,"name":"Semesterkurs A2"}]},{"@type":"WebSite","@id":"https:\/\/russischseminar.com\/home\/#website","url":"https:\/\/russischseminar.com\/home\/","name":"RussischSeminar","description":"Russisch lernen \u2016 Kurse in Wien","potentialAction":[{"@type":"SearchAction","target":{"@type":"EntryPoint","urlTemplate":"https:\/\/russischseminar.com\/home\/?s={search_term_string}"},"query-input":{"@type":"PropertyValueSpecification","valueRequired":true,"valueName":"search_term_string"}}],"inLanguage":"de-AT"}]}},"_links":{"self":[{"href":"https:\/\/russischseminar.com\/home\/wp-json\/wp\/v2\/pages\/696","targetHints":{"allow":["GET"]}}],"collection":[{"href":"https:\/\/russischseminar.com\/home\/wp-json\/wp\/v2\/pages"}],"about":[{"href":"https:\/\/russischseminar.com\/home\/wp-json\/wp\/v2\/types\/page"}],"author":[{"embeddable":true,"href":"https:\/\/russischseminar.com\/home\/wp-json\/wp\/v2\/users\/1"}],"replies":[{"embeddable":true,"href":"https:\/\/russischseminar.com\/home\/wp-json\/wp\/v2\/comments?post=696"}],"version-history":[{"count":9,"href":"https:\/\/russischseminar.com\/home\/wp-json\/wp\/v2\/pages\/696\/revisions"}],"predecessor-version":[{"id":2015,"href":"https:\/\/russischseminar.com\/home\/wp-json\/wp\/v2\/pages\/696\/revisions\/2015"}],"up":[{"embeddable":true,"href":"https:\/\/russischseminar.com\/home\/wp-json\/wp\/v2\/pages\/30"}],"wp:attachment":[{"href":"https:\/\/russischseminar.com\/home\/wp-json\/wp\/v2\/media?parent=696"}],"curies":[{"name":"wp","href":"https:\/\/api.w.org\/{rel}","templated":true}]}}