{"id":58,"date":"2022-05-24T17:45:34","date_gmt":"2022-05-24T15:45:34","guid":{"rendered":"https:\/\/russischseminar.com\/home\/?page_id=58"},"modified":"2025-07-21T02:41:40","modified_gmt":"2025-07-21T00:41:40","slug":"datenschutzerklaerung","status":"publish","type":"page","link":"https:\/\/russischseminar.com\/home\/rechtliches\/datenschutzerklaerung\/","title":{"rendered":"Datenschutzerkl\u00e4rung"},"content":{"rendered":"\n<h3 class=\"has-text-color wp-block-heading\" style=\"color:#0038a5;font-style:normal;font-weight:600\">Datenschutzerkl\u00e4rung<\/h3>\n\n\n\n<p>Der Schutz Ihrer Privatsph\u00e4re ist uns sehr wichtig. Nachstehend informieren wir Sie ausf\u00fchrlich \u00fcber den Umgang mit Ihren Daten. Unsere Datenschutzerkl\u00e4rung ist entspricht den gesetzlichen Vorschriften nach der General Data Protection Regulation (GDPR), die in der EU seit dem 25. Mai 2018 gelten.<\/p>\n\n\n\n<h3 class=\"has-text-color wp-block-heading\" style=\"color:#0038a5;font-style:normal;font-weight:600\">Datenerhebung und -verwendung<\/h3>\n\n\n\n<p>Wir erheben und speichern Ihre personenbezogenen Daten, wenn Sie uns diese im Rahmen Ihrer Anmeldung, bei einer Kontaktaufnahme mit uns (z. B. per Kontaktformular oder eMail) freiwillig mitteilen. Welche Daten erhoben werden, ist aus den jeweiligen Eingabeformularen ersichtlich.<\/p>\n\n\n\n<p>Wir verwenden die von Ihnen mitgeteilten Daten zur Abwicklung der Anmeldung zum gew\u00fcnschten IntensivSeminar f\u00fcr Russisch, sowie f\u00fcr die Zusendung von Informationen in Zusammenhang mit der Vorbereitung von IntensivSeminaren und betreffend sonstiger Aktivit\u00e4ten unseres Vereins oder weiterf\u00fchrende Informationen, die f\u00fcr Sie von Interesse sein k\u00f6nnten (z. B. andere geplante M\u00f6glichkeiten Russisch zu lernen, Reisen nach Russland usw.) Daf\u00fcr f\u00fchren wir eine Mailing-Liste, die Ihre uns freiwillig mitgeteilten Adressen enth\u00e4lt.<\/p>\n\n\n\n<h3 class=\"has-text-color wp-block-heading\" style=\"color:#0038a5;font-style:normal;font-weight:600\">Datenl\u00f6schung<\/h3>\n\n\n\n<p>Die L\u00f6schung Ihrer Daten ist jederzeit m\u00f6glich und kann durch eine Nachricht an die unten beschriebene Kontaktm\u00f6glichkeit erfolgen. Entsprechend der gesetzlichen Vorschriften werden Ihre Daten dann f\u00fcr eine zuk\u00fcnftige Verwendung aus unserer Datenbank entfernt, verbleiben jedoch eine gesetzlich vorgeschriebene Frist von 10 Jahren in der Datenbank der Teilnehmerinnen und Teilnehmer des jeweiligen IntensivSeminars erhalten.<\/p>\n\n\n\n<h3 class=\"has-text-color wp-block-heading\" style=\"color:#0038a5;font-style:normal;font-weight:600\">Bild- und Tonaufnahmen<\/h3>\n\n\n\n<p>Das w\u00e4hrend des jeweiligen IntensivSeminars f\u00fcr Russisch aufgenommene Bild- und Videomaterial wird auf unserer Homepage passwortgesch\u00fctzt ver\u00f6ffentlicht. F\u00fcr die Speicherung der Videoaufnahmen n\u00fctzen wir unseren nicht \u00f6ffentlich gelisteten Youtube-Kanal, die Fotos werden auf der Internet-Plattform klick.com gespeichert.<\/p>\n\n\n\n<p>Wir weisen hiermit ausdr\u00fccklich darauf hin, dass wir die Foto- und Videoaufnahmen w\u00e4hrend des IntensivSeminars ausschlie\u00dflich zum Zwecke der Ver\u00f6ffentlichung auf unserer Homepage in einem passwortgesch\u00fctzten Bereich ohne Ihre gesondert erteilte Erlaubnis zu Foto- und Videoaufnahmen verwenden. Jede weitere Nutzung (Facebook-Seite des IntensivSeminars, Werbevideos) erfolgt ausschlie\u00dflich nach Ihrer schriftlichen Zustimmung f\u00fcr eine solche Nutzung.<\/p>\n\n\n\n<h3 class=\"has-text-color wp-block-heading\" style=\"color:#0038a5;font-style:normal;font-weight:600\">Cookies, Webdatenanalyse und Statistiken<\/h3>\n\n\n\n<p>Wir verwenden keine Cookies zur Nachverfolgung und keine Programme zur Webdatenanalyse. Damit wir unsere Website besser auf die Bed\u00fcrfnisse der Besucherinnen und Besucher einrichten k\u00f6nnen, verwenden wir WP Power Stats und WP Statistics (Stand: 26. Mai 2022). Diese Statistik-Plugins liefern uns u. a. Daten \u00fcber die am h\u00e4ufigst besuchten Seiten und die verwendeten Browser &#8211; aber keine Daten, die R\u00fcckschl\u00fcsse auf eine bestimmte Person zulassen w\u00fcrden.<\/p>\n\n\n\n<h3 class=\"has-text-color wp-block-heading\" style=\"color:#0038a5;font-style:normal;font-weight:600\">Auskunftsrecht und Kontaktm\u00f6glichkeit<\/h3>\n\n\n\n<p>Sie haben ein Recht auf Auskunft \u00fcber die bei uns zu Ihrer Person gespeicherten Daten sowie ggf. ein Recht auf Berichtigung, Sperrung oder L\u00f6schung dieser Daten. Bei Fragen zur Erhebung, Verarbeitung oder Nutzung Ihrer personenbezogenen Daten, f\u00fcr Ausk\u00fcnften, Berichtigung, Sperrung oder L\u00f6schung von Daten, sowie Widerruf erteilter Einwilligungen oder Widerspruch gegen eine bestimmte Datenverwendung, wenden Sie sich bitte info@russischseminar.com direkt an uns. DANKE.<\/p>\n","protected":false},"excerpt":{"rendered":"<p>Datenschutzerkl\u00e4rung Der Schutz Ihrer Privatsph\u00e4re ist uns sehr wichtig. Nachstehend informieren wir Sie ausf\u00fchrlich \u00fcber den Umgang mit Ihren Daten. Unsere Datenschutzerkl\u00e4rung ist entspricht den gesetzlichen Vorschriften nach der General Data Protection Regulation (GDPR), die in der EU seit dem 25. Mai 2018 gelten. Datenerhebung und -verwendung Wir erheben und speichern Ihre personenbezogenen Daten, wenn [&hellip;]<\/p>\n","protected":false},"author":1,"featured_media":0,"parent":54,"menu_order":0,"comment_status":"closed","ping_status":"closed","template":"","meta":{"footnotes":""},"class_list":["post-58","page","type-page","status-publish","hentry"],"yoast_head":"<!-- This site is optimized with the Yoast SEO plugin v27.4 - https:\/\/yoast.com\/product\/yoast-seo-wordpress\/ -->\n<title>Datenschutzerkl\u00e4rung - RussischSeminar<\/title>\n<meta name=\"robots\" content=\"index, follow, max-snippet:-1, max-image-preview:large, max-video-preview:-1\" \/>\n<link rel=\"canonical\" href=\"https:\/\/russischseminar.com\/home\/rechtliches\/datenschutzerklaerung\/\" \/>\n<meta property=\"og:locale\" content=\"de_DE\" \/>\n<meta property=\"og:type\" content=\"article\" \/>\n<meta property=\"og:title\" content=\"Datenschutzerkl\u00e4rung - RussischSeminar\" \/>\n<meta property=\"og:description\" content=\"Datenschutzerkl\u00e4rung Der Schutz Ihrer Privatsph\u00e4re ist uns sehr wichtig. Nachstehend informieren wir Sie ausf\u00fchrlich \u00fcber den Umgang mit Ihren Daten. Unsere Datenschutzerkl\u00e4rung ist entspricht den gesetzlichen Vorschriften nach der General Data Protection Regulation (GDPR), die in der EU seit dem 25. Mai 2018 gelten. Datenerhebung und -verwendung Wir erheben und speichern Ihre personenbezogenen Daten, wenn [&hellip;]\" \/>\n<meta property=\"og:url\" content=\"https:\/\/russischseminar.com\/home\/rechtliches\/datenschutzerklaerung\/\" \/>\n<meta property=\"og:site_name\" content=\"RussischSeminar\" \/>\n<meta property=\"article:modified_time\" content=\"2025-07-21T00:41:40+00:00\" \/>\n<meta name=\"twitter:card\" content=\"summary_large_image\" \/>\n<meta name=\"twitter:label1\" content=\"Gesch\u00e4tzte Lesezeit\" \/>\n\t<meta name=\"twitter:data1\" content=\"3 Minuten\" \/>\n<script type=\"application\/ld+json\" class=\"yoast-schema-graph\">{\"@context\":\"https:\\\/\\\/schema.org\",\"@graph\":[{\"@type\":\"WebPage\",\"@id\":\"https:\\\/\\\/russischseminar.com\\\/home\\\/rechtliches\\\/datenschutzerklaerung\\\/\",\"url\":\"https:\\\/\\\/russischseminar.com\\\/home\\\/rechtliches\\\/datenschutzerklaerung\\\/\",\"name\":\"Datenschutzerkl\u00e4rung - RussischSeminar\",\"isPartOf\":{\"@id\":\"https:\\\/\\\/russischseminar.com\\\/home\\\/#website\"},\"datePublished\":\"2022-05-24T15:45:34+00:00\",\"dateModified\":\"2025-07-21T00:41:40+00:00\",\"breadcrumb\":{\"@id\":\"https:\\\/\\\/russischseminar.com\\\/home\\\/rechtliches\\\/datenschutzerklaerung\\\/#breadcrumb\"},\"inLanguage\":\"de-AT\",\"potentialAction\":[{\"@type\":\"ReadAction\",\"target\":[\"https:\\\/\\\/russischseminar.com\\\/home\\\/rechtliches\\\/datenschutzerklaerung\\\/\"]}]},{\"@type\":\"BreadcrumbList\",\"@id\":\"https:\\\/\\\/russischseminar.com\\\/home\\\/rechtliches\\\/datenschutzerklaerung\\\/#breadcrumb\",\"itemListElement\":[{\"@type\":\"ListItem\",\"position\":1,\"name\":\"Startseite\",\"item\":\"https:\\\/\\\/russischseminar.com\\\/home\\\/\"},{\"@type\":\"ListItem\",\"position\":2,\"name\":\"Rechtliches\",\"item\":\"https:\\\/\\\/russischseminar.com\\\/home\\\/?page_id=54\"},{\"@type\":\"ListItem\",\"position\":3,\"name\":\"Datenschutzerkl\u00e4rung\"}]},{\"@type\":\"WebSite\",\"@id\":\"https:\\\/\\\/russischseminar.com\\\/home\\\/#website\",\"url\":\"https:\\\/\\\/russischseminar.com\\\/home\\\/\",\"name\":\"RussischSeminar\",\"description\":\"Russisch lernen \u2016 Kurse in Wien\",\"potentialAction\":[{\"@type\":\"SearchAction\",\"target\":{\"@type\":\"EntryPoint\",\"urlTemplate\":\"https:\\\/\\\/russischseminar.com\\\/home\\\/?s={search_term_string}\"},\"query-input\":{\"@type\":\"PropertyValueSpecification\",\"valueRequired\":true,\"valueName\":\"search_term_string\"}}],\"inLanguage\":\"de-AT\"}]}<\/script>\n<!-- \/ Yoast SEO plugin. -->","yoast_head_json":{"title":"Datenschutzerkl\u00e4rung - RussischSeminar","robots":{"index":"index","follow":"follow","max-snippet":"max-snippet:-1","max-image-preview":"max-image-preview:large","max-video-preview":"max-video-preview:-1"},"canonical":"https:\/\/russischseminar.com\/home\/rechtliches\/datenschutzerklaerung\/","og_locale":"de_DE","og_type":"article","og_title":"Datenschutzerkl\u00e4rung - RussischSeminar","og_description":"Datenschutzerkl\u00e4rung Der Schutz Ihrer Privatsph\u00e4re ist uns sehr wichtig. Nachstehend informieren wir Sie ausf\u00fchrlich \u00fcber den Umgang mit Ihren Daten. Unsere Datenschutzerkl\u00e4rung ist entspricht den gesetzlichen Vorschriften nach der General Data Protection Regulation (GDPR), die in der EU seit dem 25. Mai 2018 gelten. Datenerhebung und -verwendung Wir erheben und speichern Ihre personenbezogenen Daten, wenn [&hellip;]","og_url":"https:\/\/russischseminar.com\/home\/rechtliches\/datenschutzerklaerung\/","og_site_name":"RussischSeminar","article_modified_time":"2025-07-21T00:41:40+00:00","twitter_card":"summary_large_image","twitter_misc":{"Gesch\u00e4tzte Lesezeit":"3 Minuten"},"schema":{"@context":"https:\/\/schema.org","@graph":[{"@type":"WebPage","@id":"https:\/\/russischseminar.com\/home\/rechtliches\/datenschutzerklaerung\/","url":"https:\/\/russischseminar.com\/home\/rechtliches\/datenschutzerklaerung\/","name":"Datenschutzerkl\u00e4rung - RussischSeminar","isPartOf":{"@id":"https:\/\/russischseminar.com\/home\/#website"},"datePublished":"2022-05-24T15:45:34+00:00","dateModified":"2025-07-21T00:41:40+00:00","breadcrumb":{"@id":"https:\/\/russischseminar.com\/home\/rechtliches\/datenschutzerklaerung\/#breadcrumb"},"inLanguage":"de-AT","potentialAction":[{"@type":"ReadAction","target":["https:\/\/russischseminar.com\/home\/rechtliches\/datenschutzerklaerung\/"]}]},{"@type":"BreadcrumbList","@id":"https:\/\/russischseminar.com\/home\/rechtliches\/datenschutzerklaerung\/#breadcrumb","itemListElement":[{"@type":"ListItem","position":1,"name":"Startseite","item":"https:\/\/russischseminar.com\/home\/"},{"@type":"ListItem","position":2,"name":"Rechtliches","item":"https:\/\/russischseminar.com\/home\/?page_id=54"},{"@type":"ListItem","position":3,"name":"Datenschutzerkl\u00e4rung"}]},{"@type":"WebSite","@id":"https:\/\/russischseminar.com\/home\/#website","url":"https:\/\/russischseminar.com\/home\/","name":"RussischSeminar","description":"Russisch lernen \u2016 Kurse in Wien","potentialAction":[{"@type":"SearchAction","target":{"@type":"EntryPoint","urlTemplate":"https:\/\/russischseminar.com\/home\/?s={search_term_string}"},"query-input":{"@type":"PropertyValueSpecification","valueRequired":true,"valueName":"search_term_string"}}],"inLanguage":"de-AT"}]}},"_links":{"self":[{"href":"https:\/\/russischseminar.com\/home\/wp-json\/wp\/v2\/pages\/58","targetHints":{"allow":["GET"]}}],"collection":[{"href":"https:\/\/russischseminar.com\/home\/wp-json\/wp\/v2\/pages"}],"about":[{"href":"https:\/\/russischseminar.com\/home\/wp-json\/wp\/v2\/types\/page"}],"author":[{"embeddable":true,"href":"https:\/\/russischseminar.com\/home\/wp-json\/wp\/v2\/users\/1"}],"replies":[{"embeddable":true,"href":"https:\/\/russischseminar.com\/home\/wp-json\/wp\/v2\/comments?post=58"}],"version-history":[{"count":4,"href":"https:\/\/russischseminar.com\/home\/wp-json\/wp\/v2\/pages\/58\/revisions"}],"predecessor-version":[{"id":347,"href":"https:\/\/russischseminar.com\/home\/wp-json\/wp\/v2\/pages\/58\/revisions\/347"}],"up":[{"embeddable":true,"href":"https:\/\/russischseminar.com\/home\/wp-json\/wp\/v2\/pages\/54"}],"wp:attachment":[{"href":"https:\/\/russischseminar.com\/home\/wp-json\/wp\/v2\/media?parent=58"}],"curies":[{"name":"wp","href":"https:\/\/api.w.org\/{rel}","templated":true}]}}