{"id":1832,"date":"2025-07-30T00:32:20","date_gmt":"2025-07-29T22:32:20","guid":{"rendered":"https:\/\/russischseminar.com\/home\/?page_id=1832"},"modified":"2025-07-30T01:01:59","modified_gmt":"2025-07-29T23:01:59","slug":"unser-leitbild","status":"publish","type":"page","link":"https:\/\/russischseminar.com\/home\/ueber-uns\/unser-leitbild\/","title":{"rendered":"Unser Leitbild"},"content":{"rendered":"\n<p class=\"has-text-align-right\"><strong><a href=\"https:\/\/russischseminar.com\/home\/ueber-uns\/our-mission-statement\/\">This page in English.<\/a><\/strong><\/p>\n\n\n\n<p>Als unabh\u00e4ngiger <strong>\u00d6sterreichischer Verein zur F\u00f6rderung der russischen Sprache und Kultur<\/strong> stehen wir aus \u00dcberzeugung f\u00fcr einen offenen, nachhaltigen kulturellen Br\u00fcckenschlag \u2013 jenseits politischer Spannungen und Polarisierungen. Wir verstehen uns als Plattform f\u00fcr Sprach- und Kulturvermittlung sowie f\u00fcr die Begegnung zwischen Menschen unterschiedlicher Herkunft.<\/p>\n\n\n\n<ol class=\"wp-block-list\">\n<li><strong>Begegnung durch Sprache: Verst\u00e4ndigung jenseits von Politik<\/strong><br>Mit intensiven Offline-Wochenseminaren und Online-Semesterkursen erm\u00f6glichen wir Menschen verschiedenster Alters- und Kenntnisstufen Zugang zur russischen Sprache \u2013 ganz bewusst ohne politischen Kontext. Wir bieten Raum f\u00fcr Austausch, Neugier und interkulturelles Verst\u00e4ndnis, ohne Einflussnahme oder Ideologisierung.<br><\/li>\n\n\n\n<li><strong>Qualifizierter Unterricht: Praxisorientierung und Tiefe<\/strong><br>Unsere IntensivSeminare (z.\u202fB. in Wien wieder von 2. bis 7. Februar 2026) und Online-Kurse (Semesterkurse A1\/A2\/B1\/B2 Niveau, Konversation, Grammatik) zeichnen sich aus durch:<ul><li>Unterricht in Kleingruppen (2\u201310 Personen),<\/li><li>Dozent:innen mit universit\u00e4rer Ausbildung und Muttersprachler:innen,<\/li><li>starken Fokus auf m\u00fcndliche Sprachpraxis und kulturkundliches Hintergrundwissen.<\/li><\/ul><br><\/li>\n\n\n\n<li><strong>Offenheit und Zugang<\/strong><br>Egal ob Anf\u00e4nger:innen ohne Vorkenntnisse oder Fortgeschrittene \u2013 bei uns findet alle einen passenden Einstieg. Er ist flexibel m\u00f6glich, auch kurzfristig und ohne lange Bindung: in Intensivwochen direkt in Wien oder laufenden Onlinekurse w\u00f6chentlich oder vierzehnt\u00e4gig per Zoom.<br><\/li>\n\n\n\n<li><strong>Kulturvermittlung im erweiterten Sinn<\/strong><br>Wir verstehen Sprache als Ausdruck kultureller Vielfalt. Daher erg\u00e4nzen wir unsere Kurse gezielt mit Veranstaltungen zu Film, Literatur, Musik, Tanz, Landeskunde \u2013 als verbindende Elemente zwischen Menschen und Kultur.<br><\/li>\n\n\n\n<li><strong>Qualit\u00e4tsanspruch und verbindliche Leistungen<\/strong><br>Alle erfolgreich absolvierten Seminare werden mit Teilnahmebest\u00e4tigungen in Deutsch und Russisch (auf Wunsch auch in Englisch) dokumentiert. Unterrichtsmaterialien und begleitende Inhalte sind im Beitrag enthalten, es gibt keine versteckten Zusatzkosten.<\/li>\n<\/ol>\n\n\n\n<h4 class=\"wp-block-heading\">Zusammenfassung<\/h4>\n\n\n\n<p>Unsere Mission sucht die Verst\u00e4ndigung durch Verkn\u00fcpfung von Sprach- und Kulturvermittlung. Wir bauen Br\u00fccken zwischen Menschen \u2013 mit klarer Abgrenzung von politischer Instrumentalisierung. Unsere Angebote verfolgen langfristiges, verbindliches Sprachk\u00f6nnen, gepaart mit interkultureller Tiefe und gelebter Offenheit. Und wir w\u00fcrden uns freuen, auch Sie bald in unseren Gruppen begr\u00fc\u00dfen zu d\u00fcrfen!<\/p>\n","protected":false},"excerpt":{"rendered":"<p>This page in English. Als unabh\u00e4ngiger \u00d6sterreichischer Verein zur F\u00f6rderung der russischen Sprache und Kultur stehen wir aus \u00dcberzeugung f\u00fcr einen offenen, nachhaltigen kulturellen Br\u00fcckenschlag \u2013 jenseits politischer Spannungen und Polarisierungen. Wir verstehen uns als Plattform f\u00fcr Sprach- und Kulturvermittlung sowie f\u00fcr die Begegnung zwischen Menschen unterschiedlicher Herkunft. Zusammenfassung Unsere Mission sucht die Verst\u00e4ndigung durch [&hellip;]<\/p>\n","protected":false},"author":1,"featured_media":199,"parent":16,"menu_order":0,"comment_status":"closed","ping_status":"closed","template":"","meta":{"footnotes":""},"class_list":["post-1832","page","type-page","status-publish","has-post-thumbnail","hentry"],"yoast_head":"<!-- This site is optimized with the Yoast SEO plugin v27.4 - https:\/\/yoast.com\/product\/yoast-seo-wordpress\/ -->\n<title>Unser Leitbild - RussischSeminar<\/title>\n<meta name=\"description\" content=\"Diese Seite enth\u00e4lt das Leitbild des \u00d6sterreichischen Vereins zur F\u00f6rderung der russischen Sprache und Kultur in Wien.\" \/>\n<meta name=\"robots\" content=\"index, follow, max-snippet:-1, max-image-preview:large, max-video-preview:-1\" \/>\n<link rel=\"canonical\" href=\"https:\/\/russischseminar.com\/home\/ueber-uns\/unser-leitbild\/\" \/>\n<meta property=\"og:locale\" content=\"de_DE\" \/>\n<meta property=\"og:type\" content=\"article\" \/>\n<meta property=\"og:title\" content=\"Unser Leitbild - RussischSeminar\" \/>\n<meta property=\"og:description\" content=\"Diese Seite enth\u00e4lt das Leitbild des \u00d6sterreichischen Vereins zur F\u00f6rderung der russischen Sprache und Kultur in Wien.\" \/>\n<meta property=\"og:url\" content=\"https:\/\/russischseminar.com\/home\/ueber-uns\/unser-leitbild\/\" \/>\n<meta property=\"og:site_name\" content=\"RussischSeminar\" \/>\n<meta property=\"article:modified_time\" content=\"2025-07-29T23:01:59+00:00\" \/>\n<meta property=\"og:image\" content=\"https:\/\/russischseminar.com\/home\/wp-content\/uploads\/2022\/05\/wp_header.jpg\" \/>\n\t<meta property=\"og:image:width\" content=\"1400\" \/>\n\t<meta property=\"og:image:height\" content=\"330\" \/>\n\t<meta property=\"og:image:type\" content=\"image\/jpeg\" \/>\n<meta name=\"twitter:card\" content=\"summary_large_image\" \/>\n<meta name=\"twitter:label1\" content=\"Gesch\u00e4tzte Lesezeit\" \/>\n\t<meta name=\"twitter:data1\" content=\"2 Minuten\" \/>\n<script type=\"application\/ld+json\" class=\"yoast-schema-graph\">{\"@context\":\"https:\\\/\\\/schema.org\",\"@graph\":[{\"@type\":\"WebPage\",\"@id\":\"https:\\\/\\\/russischseminar.com\\\/home\\\/ueber-uns\\\/unser-leitbild\\\/\",\"url\":\"https:\\\/\\\/russischseminar.com\\\/home\\\/ueber-uns\\\/unser-leitbild\\\/\",\"name\":\"Unser Leitbild - RussischSeminar\",\"isPartOf\":{\"@id\":\"https:\\\/\\\/russischseminar.com\\\/home\\\/#website\"},\"primaryImageOfPage\":{\"@id\":\"https:\\\/\\\/russischseminar.com\\\/home\\\/ueber-uns\\\/unser-leitbild\\\/#primaryimage\"},\"image\":{\"@id\":\"https:\\\/\\\/russischseminar.com\\\/home\\\/ueber-uns\\\/unser-leitbild\\\/#primaryimage\"},\"thumbnailUrl\":\"https:\\\/\\\/russischseminar.com\\\/home\\\/wp-content\\\/uploads\\\/2022\\\/05\\\/wp_header.jpg\",\"datePublished\":\"2025-07-29T22:32:20+00:00\",\"dateModified\":\"2025-07-29T23:01:59+00:00\",\"description\":\"Diese Seite enth\u00e4lt das Leitbild des \u00d6sterreichischen Vereins zur F\u00f6rderung der russischen Sprache und Kultur in Wien.\",\"breadcrumb\":{\"@id\":\"https:\\\/\\\/russischseminar.com\\\/home\\\/ueber-uns\\\/unser-leitbild\\\/#breadcrumb\"},\"inLanguage\":\"de-AT\",\"potentialAction\":[{\"@type\":\"ReadAction\",\"target\":[\"https:\\\/\\\/russischseminar.com\\\/home\\\/ueber-uns\\\/unser-leitbild\\\/\"]}]},{\"@type\":\"ImageObject\",\"inLanguage\":\"de-AT\",\"@id\":\"https:\\\/\\\/russischseminar.com\\\/home\\\/ueber-uns\\\/unser-leitbild\\\/#primaryimage\",\"url\":\"https:\\\/\\\/russischseminar.com\\\/home\\\/wp-content\\\/uploads\\\/2022\\\/05\\\/wp_header.jpg\",\"contentUrl\":\"https:\\\/\\\/russischseminar.com\\\/home\\\/wp-content\\\/uploads\\\/2022\\\/05\\\/wp_header.jpg\",\"width\":1400,\"height\":330,\"caption\":\"Br\u00fccken bauen - Building bridges\"},{\"@type\":\"BreadcrumbList\",\"@id\":\"https:\\\/\\\/russischseminar.com\\\/home\\\/ueber-uns\\\/unser-leitbild\\\/#breadcrumb\",\"itemListElement\":[{\"@type\":\"ListItem\",\"position\":1,\"name\":\"Startseite\",\"item\":\"https:\\\/\\\/russischseminar.com\\\/home\\\/\"},{\"@type\":\"ListItem\",\"position\":2,\"name\":\"\u00dcber uns\",\"item\":\"https:\\\/\\\/russischseminar.com\\\/home\\\/ueber-uns\\\/\"},{\"@type\":\"ListItem\",\"position\":3,\"name\":\"Unser Leitbild\"}]},{\"@type\":\"WebSite\",\"@id\":\"https:\\\/\\\/russischseminar.com\\\/home\\\/#website\",\"url\":\"https:\\\/\\\/russischseminar.com\\\/home\\\/\",\"name\":\"RussischSeminar\",\"description\":\"Russisch lernen \u2016 Kurse in Wien\",\"potentialAction\":[{\"@type\":\"SearchAction\",\"target\":{\"@type\":\"EntryPoint\",\"urlTemplate\":\"https:\\\/\\\/russischseminar.com\\\/home\\\/?s={search_term_string}\"},\"query-input\":{\"@type\":\"PropertyValueSpecification\",\"valueRequired\":true,\"valueName\":\"search_term_string\"}}],\"inLanguage\":\"de-AT\"}]}<\/script>\n<!-- \/ Yoast SEO plugin. -->","yoast_head_json":{"title":"Unser Leitbild - RussischSeminar","description":"Diese Seite enth\u00e4lt das Leitbild des \u00d6sterreichischen Vereins zur F\u00f6rderung der russischen Sprache und Kultur in Wien.","robots":{"index":"index","follow":"follow","max-snippet":"max-snippet:-1","max-image-preview":"max-image-preview:large","max-video-preview":"max-video-preview:-1"},"canonical":"https:\/\/russischseminar.com\/home\/ueber-uns\/unser-leitbild\/","og_locale":"de_DE","og_type":"article","og_title":"Unser Leitbild - RussischSeminar","og_description":"Diese Seite enth\u00e4lt das Leitbild des \u00d6sterreichischen Vereins zur F\u00f6rderung der russischen Sprache und Kultur in Wien.","og_url":"https:\/\/russischseminar.com\/home\/ueber-uns\/unser-leitbild\/","og_site_name":"RussischSeminar","article_modified_time":"2025-07-29T23:01:59+00:00","og_image":[{"width":1400,"height":330,"url":"https:\/\/russischseminar.com\/home\/wp-content\/uploads\/2022\/05\/wp_header.jpg","type":"image\/jpeg"}],"twitter_card":"summary_large_image","twitter_misc":{"Gesch\u00e4tzte Lesezeit":"2 Minuten"},"schema":{"@context":"https:\/\/schema.org","@graph":[{"@type":"WebPage","@id":"https:\/\/russischseminar.com\/home\/ueber-uns\/unser-leitbild\/","url":"https:\/\/russischseminar.com\/home\/ueber-uns\/unser-leitbild\/","name":"Unser Leitbild - RussischSeminar","isPartOf":{"@id":"https:\/\/russischseminar.com\/home\/#website"},"primaryImageOfPage":{"@id":"https:\/\/russischseminar.com\/home\/ueber-uns\/unser-leitbild\/#primaryimage"},"image":{"@id":"https:\/\/russischseminar.com\/home\/ueber-uns\/unser-leitbild\/#primaryimage"},"thumbnailUrl":"https:\/\/russischseminar.com\/home\/wp-content\/uploads\/2022\/05\/wp_header.jpg","datePublished":"2025-07-29T22:32:20+00:00","dateModified":"2025-07-29T23:01:59+00:00","description":"Diese Seite enth\u00e4lt das Leitbild des \u00d6sterreichischen Vereins zur F\u00f6rderung der russischen Sprache und Kultur in Wien.","breadcrumb":{"@id":"https:\/\/russischseminar.com\/home\/ueber-uns\/unser-leitbild\/#breadcrumb"},"inLanguage":"de-AT","potentialAction":[{"@type":"ReadAction","target":["https:\/\/russischseminar.com\/home\/ueber-uns\/unser-leitbild\/"]}]},{"@type":"ImageObject","inLanguage":"de-AT","@id":"https:\/\/russischseminar.com\/home\/ueber-uns\/unser-leitbild\/#primaryimage","url":"https:\/\/russischseminar.com\/home\/wp-content\/uploads\/2022\/05\/wp_header.jpg","contentUrl":"https:\/\/russischseminar.com\/home\/wp-content\/uploads\/2022\/05\/wp_header.jpg","width":1400,"height":330,"caption":"Br\u00fccken bauen - Building bridges"},{"@type":"BreadcrumbList","@id":"https:\/\/russischseminar.com\/home\/ueber-uns\/unser-leitbild\/#breadcrumb","itemListElement":[{"@type":"ListItem","position":1,"name":"Startseite","item":"https:\/\/russischseminar.com\/home\/"},{"@type":"ListItem","position":2,"name":"\u00dcber uns","item":"https:\/\/russischseminar.com\/home\/ueber-uns\/"},{"@type":"ListItem","position":3,"name":"Unser Leitbild"}]},{"@type":"WebSite","@id":"https:\/\/russischseminar.com\/home\/#website","url":"https:\/\/russischseminar.com\/home\/","name":"RussischSeminar","description":"Russisch lernen \u2016 Kurse in Wien","potentialAction":[{"@type":"SearchAction","target":{"@type":"EntryPoint","urlTemplate":"https:\/\/russischseminar.com\/home\/?s={search_term_string}"},"query-input":{"@type":"PropertyValueSpecification","valueRequired":true,"valueName":"search_term_string"}}],"inLanguage":"de-AT"}]}},"_links":{"self":[{"href":"https:\/\/russischseminar.com\/home\/wp-json\/wp\/v2\/pages\/1832","targetHints":{"allow":["GET"]}}],"collection":[{"href":"https:\/\/russischseminar.com\/home\/wp-json\/wp\/v2\/pages"}],"about":[{"href":"https:\/\/russischseminar.com\/home\/wp-json\/wp\/v2\/types\/page"}],"author":[{"embeddable":true,"href":"https:\/\/russischseminar.com\/home\/wp-json\/wp\/v2\/users\/1"}],"replies":[{"embeddable":true,"href":"https:\/\/russischseminar.com\/home\/wp-json\/wp\/v2\/comments?post=1832"}],"version-history":[{"count":6,"href":"https:\/\/russischseminar.com\/home\/wp-json\/wp\/v2\/pages\/1832\/revisions"}],"predecessor-version":[{"id":1856,"href":"https:\/\/russischseminar.com\/home\/wp-json\/wp\/v2\/pages\/1832\/revisions\/1856"}],"up":[{"embeddable":true,"href":"https:\/\/russischseminar.com\/home\/wp-json\/wp\/v2\/pages\/16"}],"wp:featuredmedia":[{"embeddable":true,"href":"https:\/\/russischseminar.com\/home\/wp-json\/wp\/v2\/media\/199"}],"wp:attachment":[{"href":"https:\/\/russischseminar.com\/home\/wp-json\/wp\/v2\/media?parent=1832"}],"curies":[{"name":"wp","href":"https:\/\/api.w.org\/{rel}","templated":true}]}}