{"id":16,"date":"2022-05-24T17:32:55","date_gmt":"2022-05-24T15:32:55","guid":{"rendered":"https:\/\/russischseminar.com\/home\/?page_id=16"},"modified":"2025-08-02T11:32:18","modified_gmt":"2025-08-02T09:32:18","slug":"ueber-uns","status":"publish","type":"page","link":"https:\/\/russischseminar.com\/home\/ueber-uns\/","title":{"rendered":"\u00dcber uns"},"content":{"rendered":"\n<p>Lernen Sie uns und unseren Verein kennen, damit Ihnen die Entscheidung f\u00fcr einen Sprachkurs bei uns leichter f\u00e4llt:<\/p>\n\n\n\n<ul class=\"wp-block-list\">\n<li><a href=\"https:\/\/russischseminar.com\/home\/ueber-uns\/unser-verein\/\">Unser Verein<\/a><\/li>\n\n\n\n<li><a href=\"https:\/\/russischseminar.com\/home\/ueber-uns\/unser-leitbild\/\">Unser Leitbild<\/a> || <a href=\"https:\/\/russischseminar.com\/home\/ueber-uns\/our-mission-statement\/\">Our Mission Statement<\/a><\/li>\n\n\n\n<li><a href=\"https:\/\/russischseminar.com\/home\/ueber-uns\/unsere-sprachlehrenden\/\">Unsere Sprachlehrenden<\/a><\/li>\n\n\n\n<li><a href=\"https:\/\/russischseminar.com\/home\/ueber-uns\/unsere-kooperationspartnerinnen\/\">Unsere Kooperationspartner:innen<\/a><\/li>\n\n\n\n<li><a href=\"https:\/\/russischseminar.com\/home\/ueber-uns\/about-us\/\">About us (English)<\/a><\/li>\n\n\n\n<li><a href=\"https:\/\/russischseminar.com\/home\/ueber-uns\/chi-siamo\/\">Chi siamo (italiano)<\/a><\/li>\n<\/ul>\n","protected":false},"excerpt":{"rendered":"<p>Lernen Sie uns und unseren Verein kennen, damit Ihnen die Entscheidung f\u00fcr einen Sprachkurs bei uns leichter f\u00e4llt:<\/p>\n","protected":false},"author":1,"featured_media":0,"parent":0,"menu_order":0,"comment_status":"closed","ping_status":"closed","template":"","meta":{"footnotes":""},"class_list":["post-16","page","type-page","status-publish","hentry"],"yoast_head":"<!-- This site is optimized with the Yoast SEO plugin v27.4 - https:\/\/yoast.com\/product\/yoast-seo-wordpress\/ -->\n<title>\u00dcber uns - RussischSeminar<\/title>\n<meta name=\"description\" content=\"Lernen Sie den \u00d6sterreichischen Verein zur F\u00f6rderung der russischen Sprache und Kultur kennen, damit Ihnen die Entscheidung f\u00fcr einen Sprachkurs bei uns leichter f\u00e4llt.\" \/>\n<meta name=\"robots\" content=\"index, follow, max-snippet:-1, max-image-preview:large, max-video-preview:-1\" \/>\n<link rel=\"canonical\" href=\"https:\/\/russischseminar.com\/home\/ueber-uns\/\" \/>\n<meta property=\"og:locale\" content=\"de_DE\" \/>\n<meta property=\"og:type\" content=\"article\" \/>\n<meta property=\"og:title\" content=\"\u00dcber uns - RussischSeminar\" \/>\n<meta property=\"og:description\" content=\"Lernen Sie den \u00d6sterreichischen Verein zur F\u00f6rderung der russischen Sprache und Kultur kennen, damit Ihnen die Entscheidung f\u00fcr einen Sprachkurs bei uns leichter f\u00e4llt.\" \/>\n<meta property=\"og:url\" content=\"https:\/\/russischseminar.com\/home\/ueber-uns\/\" \/>\n<meta property=\"og:site_name\" content=\"RussischSeminar\" \/>\n<meta property=\"article:modified_time\" content=\"2025-08-02T09:32:18+00:00\" \/>\n<meta name=\"twitter:card\" content=\"summary_large_image\" \/>\n<meta name=\"twitter:label1\" content=\"Gesch\u00e4tzte Lesezeit\" \/>\n\t<meta name=\"twitter:data1\" content=\"1 Minute\" \/>\n<script type=\"application\/ld+json\" class=\"yoast-schema-graph\">{\"@context\":\"https:\\\/\\\/schema.org\",\"@graph\":[{\"@type\":\"WebPage\",\"@id\":\"https:\\\/\\\/russischseminar.com\\\/home\\\/ueber-uns\\\/\",\"url\":\"https:\\\/\\\/russischseminar.com\\\/home\\\/ueber-uns\\\/\",\"name\":\"\u00dcber uns - RussischSeminar\",\"isPartOf\":{\"@id\":\"https:\\\/\\\/russischseminar.com\\\/home\\\/#website\"},\"datePublished\":\"2022-05-24T15:32:55+00:00\",\"dateModified\":\"2025-08-02T09:32:18+00:00\",\"description\":\"Lernen Sie den \u00d6sterreichischen Verein zur F\u00f6rderung der russischen Sprache und Kultur kennen, damit Ihnen die Entscheidung f\u00fcr einen Sprachkurs bei uns leichter f\u00e4llt.\",\"breadcrumb\":{\"@id\":\"https:\\\/\\\/russischseminar.com\\\/home\\\/ueber-uns\\\/#breadcrumb\"},\"inLanguage\":\"de-AT\",\"potentialAction\":[{\"@type\":\"ReadAction\",\"target\":[\"https:\\\/\\\/russischseminar.com\\\/home\\\/ueber-uns\\\/\"]}]},{\"@type\":\"BreadcrumbList\",\"@id\":\"https:\\\/\\\/russischseminar.com\\\/home\\\/ueber-uns\\\/#breadcrumb\",\"itemListElement\":[{\"@type\":\"ListItem\",\"position\":1,\"name\":\"Startseite\",\"item\":\"https:\\\/\\\/russischseminar.com\\\/home\\\/\"},{\"@type\":\"ListItem\",\"position\":2,\"name\":\"\u00dcber uns\"}]},{\"@type\":\"WebSite\",\"@id\":\"https:\\\/\\\/russischseminar.com\\\/home\\\/#website\",\"url\":\"https:\\\/\\\/russischseminar.com\\\/home\\\/\",\"name\":\"RussischSeminar\",\"description\":\"Russisch lernen \u2016 Kurse in Wien\",\"potentialAction\":[{\"@type\":\"SearchAction\",\"target\":{\"@type\":\"EntryPoint\",\"urlTemplate\":\"https:\\\/\\\/russischseminar.com\\\/home\\\/?s={search_term_string}\"},\"query-input\":{\"@type\":\"PropertyValueSpecification\",\"valueRequired\":true,\"valueName\":\"search_term_string\"}}],\"inLanguage\":\"de-AT\"}]}<\/script>\n<!-- \/ Yoast SEO plugin. -->","yoast_head_json":{"title":"\u00dcber uns - RussischSeminar","description":"Lernen Sie den \u00d6sterreichischen Verein zur F\u00f6rderung der russischen Sprache und Kultur kennen, damit Ihnen die Entscheidung f\u00fcr einen Sprachkurs bei uns leichter f\u00e4llt.","robots":{"index":"index","follow":"follow","max-snippet":"max-snippet:-1","max-image-preview":"max-image-preview:large","max-video-preview":"max-video-preview:-1"},"canonical":"https:\/\/russischseminar.com\/home\/ueber-uns\/","og_locale":"de_DE","og_type":"article","og_title":"\u00dcber uns - RussischSeminar","og_description":"Lernen Sie den \u00d6sterreichischen Verein zur F\u00f6rderung der russischen Sprache und Kultur kennen, damit Ihnen die Entscheidung f\u00fcr einen Sprachkurs bei uns leichter f\u00e4llt.","og_url":"https:\/\/russischseminar.com\/home\/ueber-uns\/","og_site_name":"RussischSeminar","article_modified_time":"2025-08-02T09:32:18+00:00","twitter_card":"summary_large_image","twitter_misc":{"Gesch\u00e4tzte Lesezeit":"1 Minute"},"schema":{"@context":"https:\/\/schema.org","@graph":[{"@type":"WebPage","@id":"https:\/\/russischseminar.com\/home\/ueber-uns\/","url":"https:\/\/russischseminar.com\/home\/ueber-uns\/","name":"\u00dcber uns - RussischSeminar","isPartOf":{"@id":"https:\/\/russischseminar.com\/home\/#website"},"datePublished":"2022-05-24T15:32:55+00:00","dateModified":"2025-08-02T09:32:18+00:00","description":"Lernen Sie den \u00d6sterreichischen Verein zur F\u00f6rderung der russischen Sprache und Kultur kennen, damit Ihnen die Entscheidung f\u00fcr einen Sprachkurs bei uns leichter f\u00e4llt.","breadcrumb":{"@id":"https:\/\/russischseminar.com\/home\/ueber-uns\/#breadcrumb"},"inLanguage":"de-AT","potentialAction":[{"@type":"ReadAction","target":["https:\/\/russischseminar.com\/home\/ueber-uns\/"]}]},{"@type":"BreadcrumbList","@id":"https:\/\/russischseminar.com\/home\/ueber-uns\/#breadcrumb","itemListElement":[{"@type":"ListItem","position":1,"name":"Startseite","item":"https:\/\/russischseminar.com\/home\/"},{"@type":"ListItem","position":2,"name":"\u00dcber uns"}]},{"@type":"WebSite","@id":"https:\/\/russischseminar.com\/home\/#website","url":"https:\/\/russischseminar.com\/home\/","name":"RussischSeminar","description":"Russisch lernen \u2016 Kurse in Wien","potentialAction":[{"@type":"SearchAction","target":{"@type":"EntryPoint","urlTemplate":"https:\/\/russischseminar.com\/home\/?s={search_term_string}"},"query-input":{"@type":"PropertyValueSpecification","valueRequired":true,"valueName":"search_term_string"}}],"inLanguage":"de-AT"}]}},"_links":{"self":[{"href":"https:\/\/russischseminar.com\/home\/wp-json\/wp\/v2\/pages\/16","targetHints":{"allow":["GET"]}}],"collection":[{"href":"https:\/\/russischseminar.com\/home\/wp-json\/wp\/v2\/pages"}],"about":[{"href":"https:\/\/russischseminar.com\/home\/wp-json\/wp\/v2\/types\/page"}],"author":[{"embeddable":true,"href":"https:\/\/russischseminar.com\/home\/wp-json\/wp\/v2\/users\/1"}],"replies":[{"embeddable":true,"href":"https:\/\/russischseminar.com\/home\/wp-json\/wp\/v2\/comments?post=16"}],"version-history":[{"count":4,"href":"https:\/\/russischseminar.com\/home\/wp-json\/wp\/v2\/pages\/16\/revisions"}],"predecessor-version":[{"id":1891,"href":"https:\/\/russischseminar.com\/home\/wp-json\/wp\/v2\/pages\/16\/revisions\/1891"}],"wp:attachment":[{"href":"https:\/\/russischseminar.com\/home\/wp-json\/wp\/v2\/media?parent=16"}],"curies":[{"name":"wp","href":"https:\/\/api.w.org\/{rel}","templated":true}]}}